{"id":51,"date":"2017-12-12T20:27:00","date_gmt":"2017-12-12T20:27:00","guid":{"rendered":"https:\/\/ligue-iteka.bi\/wordpress\/?page_id=51"},"modified":"2021-03-24T13:35:00","modified_gmt":"2021-03-24T10:35:00","slug":"gouvernance","status":"publish","type":"page","link":"https:\/\/ligue-iteka.bi\/index.php\/activites\/gouvernance\/","title":{"rendered":"Gouvernance"},"content":{"rendered":"<p>Lancement du programme \u00ab\u00a0<em><strong>\u00a0KU GICANIRO<\/strong><\/em> \u00a0\u00bb qui relaie les discours\u00a0 de certains cadres du gouvernement, fait le suivi de sa mise en oeuvre et organise des d\u00e9bats contradictoires.<\/p>\n<p><a href=\"https:\/\/ligue-iteka.bi\/wp-content\/uploads\/2020\/07\/Kugicaniro-mininter-juillet-2020.mp4\">Kugicaniro \u00a0\u00bb propos du ministre de l&rsquo;int\u00e9rieur, de la s\u00e9curit\u00e9 publique et du d\u00e9veloppement communautaire du 17 juillet 2020&Prime;<\/a><\/p>\n<p><a href=\"https:\/\/ligue-iteka.bi\/wp-content\/uploads\/2021\/03\/Discours-du-Pr-Evariste-Ndayishimiye-du-5-2-2021.mp4\">Kugicaniro \u00a0\u00bb discours du Pr\u00e9sident de la R\u00e9publique du Burundi Evariste Ndayishimiye sur la justice lors de la f\u00eate de l&rsquo;unit\u00e9, en date du 5 f\u00e9vrier 2021&Prime;<\/a><\/p>\n","protected":false},"excerpt":{"rendered":"<p>Lancement du programme \u00ab\u00a0\u00a0KU GICANIRO \u00a0\u00bb qui relaie les discours\u00a0 de certains cadres du gouvernement, fait le suivi de sa mise en oeuvre et organise des d\u00e9bats contradictoires. Kugicaniro \u00a0\u00bb propos du ministre de l&rsquo;int\u00e9rieur, de la s\u00e9curit\u00e9 publique et <a class=\"more-link\" href=\"https:\/\/ligue-iteka.bi\/index.php\/activites\/gouvernance\/\">Continuer la lecture <span class=\"screen-reader-text\">  Gouvernance<\/span><span class=\"meta-nav\">&rarr;<\/span><\/a><\/p>\n","protected":false},"author":1,"featured_media":0,"parent":17,"menu_order":0,"comment_status":"closed","ping_status":"closed","template":"","meta":{"om_disable_all_campaigns":false,"footnotes":""},"class_list":["post-51","page","type-page","status-publish","hentry"],"_links":{"self":[{"href":"https:\/\/ligue-iteka.bi\/index.php\/wp-json\/wp\/v2\/pages\/51","targetHints":{"allow":["GET"]}}],"collection":[{"href":"https:\/\/ligue-iteka.bi\/index.php\/wp-json\/wp\/v2\/pages"}],"about":[{"href":"https:\/\/ligue-iteka.bi\/index.php\/wp-json\/wp\/v2\/types\/page"}],"author":[{"embeddable":true,"href":"https:\/\/ligue-iteka.bi\/index.php\/wp-json\/wp\/v2\/users\/1"}],"replies":[{"embeddable":true,"href":"https:\/\/ligue-iteka.bi\/index.php\/wp-json\/wp\/v2\/comments?post=51"}],"version-history":[{"count":8,"href":"https:\/\/ligue-iteka.bi\/index.php\/wp-json\/wp\/v2\/pages\/51\/revisions"}],"predecessor-version":[{"id":2703,"href":"https:\/\/ligue-iteka.bi\/index.php\/wp-json\/wp\/v2\/pages\/51\/revisions\/2703"}],"up":[{"embeddable":true,"href":"https:\/\/ligue-iteka.bi\/index.php\/wp-json\/wp\/v2\/pages\/17"}],"wp:attachment":[{"href":"https:\/\/ligue-iteka.bi\/index.php\/wp-json\/wp\/v2\/media?parent=51"}],"curies":[{"name":"wp","href":"https:\/\/api.w.org\/{rel}","templated":true}]}}